NOAA-Style Climate Reports


Report for 2024 April
                   Monthly Climatological Summary for apr. 2024

Name: Båstad Hemmeslöv   City: Båstad   State: Sweden
Elevation: 10 m  Lat: N 56° 25' 58"   Lon: E 012° 53' 33"

                  Temperature (°C), Rain (mm), Wind Speed (m/s)

                                      Heat  Cool        Avg
    Mean                              Deg   Deg         Wind                 Dom
Day Temp  High   Time   Low    Time   Days  Days  Rain  Speed High   Time    Dir
----------------------------------------------------------------------------------
01   9,5  18,6   14:50   3,6   03:39   6,1   0,1   0,2   1,2  12,9   23:48     E
02   4,1   8,1   00:00   0,4   23:56  11,4   0,0  14,2   2,3  12,9   00:05   ENE
03   0,7   2,2   13:26  -0,6   05:07  14,8   0,0   3,4   0,8   7,5   23:28     E
04   3,0   6,5   14:01   0,9   06:36  12,5   0,0  13,8   4,2  15,0   11:28     E
05   8,4  12,9   14:34   3,9   00:00   7,1   0,0  11,4   2,6  13,9   20:39   SSW
06  11,3  16,3   18:10   7,7   08:53   4,2   0,0   2,2   1,8  16,1   00:59    SW
07  14,6  18,2   16:03  11,5   23:57   1,3   0,3   2,8   3,0  16,6   02:24    SW
08  14,3  19,8   13:07  11,1   00:38   2,0   0,8   0,4   1,7  11,8   06:23     S
09  13,7  22,2   14:57   7,9   06:44   3,0   1,2   2,0   1,5  11,8   12:45     E
10  10,1  14,2   14:50   7,3   23:14   5,4   0,0   0,2   2,8  14,5   13:14   WSW
11  10,2  14,3   17:02   7,0   03:44   5,3   0,0   7,8   3,6  14,5   10:25    SW
12  10,5  13,1   11:24   8,3   04:48   5,0   0,0   5,4   2,6  15,0   15:04    SW
13  12,2  16,4   15:40   9,2   03:45   3,4   0,0   4,8   2,2  11,3   10:53   WSW
14   9,9  13,3   16:04   7,0   23:54   5,6   0,0   0,0   4,2  18,8   16:36     W
15   8,6  14,0   16:51   4,7   23:53   6,9   0,0   0,6   1,4  10,7   01:24     W
16   6,7  12,4   15:03   0,8   06:56   8,8   0,0   0,4   1,0  10,7   15:16    NE
----------------------------------------------------------------------------------
     9,2  22,2     9    -0,6     3   102,8   2,5  69,6   2,3  18,8    14     SSW

Max >=  27,0  0
Max <=   0,0  0
Min <=   0,0  1
Min <= -18,0  0
Max Rain: 14,2 on day 2
Days of Rain: 15 (>= 0,2 mm)  10 (>= 2,0 mm)  0 (>= 20,0 mm)
Heat Base: 15,5  Cool Base: 15,5  Method: Integration